9571329?
3, 947, 1123
What are the prime factors of 217438?
2, 13, 8363
List the prime factors of 2939119.
2939119
What are the prime factors of 303755?
5, 79, 769
What are the prime factors of 5617621?
1319, 4259
What are the prime factors of 26737837?
7, 3819691
What are the prime factors of 6100973?
6100973
What are the prime factors of 2297677?
23, 283, 353
List the prime factors of 8553763.
2417, 3539
What are the prime factors of 99963?
3, 29, 383
List the prime factors of 469211.
607, 773
List the prime factors of 792379.
7, 103, 157
List the prime factors of 353701.
577, 613
List the prime factors of 48007.
61, 787
List the prime factors of 3493028.
2, 7, 11, 1031
List the prime factors of 932731.
59, 15809
What are the prime factors of 10936?
2, 1367
List the prime factors of 2905993.
19, 152947
List the prime factors of 228288.
2, 3, 29, 41
List the prime factors of 280112.
2, 7, 41, 61
List the prime factors of 2253992.
2, 13, 21673
What are the prime factors of 10123026?
2, 3, 1687171
What are the prime factors of 529140?
2, 3, 5, 8819
What are the prime factors of 1425770?
2, 5, 23, 6199
List the prime factors of 32153.
11, 37, 79
List the prime factors of 9279371.
9279371
What are the prime factors of 3322698?
2, 3, 101, 5483
List the prime factors of 92261.
13, 47, 151
List the prime factors of 154063.
7, 13, 1693
List the prime factors of 168816.
2, 3, 3517
What are the prime factors of 2373017?
103, 23039
What are the prime factors of 425964?
2, 3, 7, 11, 461
List the prime factors of 443640.
2, 3, 5, 3697
What are the prime factors of 443126?
2, 149, 1487
What are the prime factors of 1011534?
2, 3, 17, 47, 211
What are the prime factors of 11428?
2, 2857
What are the prime factors of 955129?
7, 136447
What are the prime factors of 319089?
3, 106363
What are the prime factors of 11621419?
11621419
List the prime factors of 438056.
2, 17, 3221
What are the prime factors of 2909010?
2, 3, 5, 13, 7459
List the prime factors of 10238055.
3, 5, 19, 35923
List the prime factors of 603675.
3, 5, 2683
What are the prime factors of 125549?
223, 563
List the prime factors of 90263.
90263
List the prime factors of 14497982.
2, 7248991
What are the prime factors of 955158?
2, 3, 159193
List the prime factors of 29927660.
2, 5, 7, 19, 11251
What are the prime factors of 481484?
2, 120371
What are the prime factors of 10136233?
17, 179, 3331
What are the prime factors of 782739?
3, 29, 2999
What are the prime factors of 55763?
55763
What are the prime factors of 617958?
2, 3, 11, 3121
What are the prime factors of 7542199?
7, 1077457
What are the prime factors of 6398173?
41, 113, 1381
List the prime factors of 10395012.
2, 3, 137, 6323
What are the prime factors of 144985?
5, 107, 271
List the prime factors of 218332.
2, 54583
List the prime factors of 6440759.
13, 23, 1657
What are the prime factors of 20224927?
31, 652417
What are the prime factors of 1760634?
2, 3, 97813
List the prime factors of 4811415.
3, 5, 7, 45823
What are the prime factors of 971798?
2, 485899
What are the prime factors of 255549?
3, 7, 43, 283
List the prime factors of 277295.
5, 31, 1789
List the prime factors of 310083.
3, 41, 2521
List the prime factors of 3134913.
3, 1044971
List the prime factors of 659029.
7, 31, 3037
List the prime factors of 467586.
2, 3, 7, 1237
List the prime factors of 1477246.
2, 738623
List the prime factors of 204296.
2, 25537
List the prime factors of 975915.
3, 5, 7229
What are the prime factors of 4117462?
2, 193, 10667
What are the prime factors of 198059?
31, 6389
List the prime factors of 1403462.
2, 701731
List the prime factors of 172896.
2, 3, 1801
List the prime factors of 2775898.
2, 73, 19013
What are the prime factors of 2698805?
5, 539761
What are the prime factors of 3049367?
19, 8447
List the prime factors of 241095.
3, 5, 16073
List the prime factors of 42011.
43, 977
List the prime factors of 3106551.
3, 7, 3019
What are the prime factors of 3013036?
2, 13, 57943
List the prime factors of 44258.
2, 22129
List the prime factors of 1411133.
653, 2161
What are the prime factors of 3408411?
3, 181, 6277
What are the prime factors of 3456695?
5, 11, 17, 3697
List the prime factors of 767733.
3, 19, 13469
List the prime factors of 14195475.
3, 5, 7, 9013
List the prime factors of 105124.
2, 41, 641
List the prime factors of 501137.
7, 13, 5507
What are the prime factors of 12023527?
53, 61, 3719
What are the prime factors of 10182590?
2, 5, 11, 92569
What are the prime factors of 5611088?
2, 7, 17, 421
What are the prime factors of 3355898?
2, 7, 13, 18439
What are the prime factors of 3502147?
11, 318377
List the prime factors of 1015703.
13, 23, 43, 79
List the prime factors of 3942474.
2, 3, 657079
What are the prime factors of 319898?
2, 59, 2711
What are the prime factors of 22745724?
2, 3, 97, 19541
List the prime factors of 267130.
2, 5, 26713
List the prime factors of 252732.
2, 3, 21061
List the prime factors of 13113268.
2, 7, 19, 157
What are the prime factors of 497468?
2, 124367
List the prime factors of 603168.
2, 3, 61, 103
List the prime factors of 1557134.
2, 778567
List the prime factors of 6690149.
6690149
List the prime factors of 6717631.
89, 75479
What are the prime factors of 216289?
216289
List the prime factors of 160984.
2, 20123
List the prime factors of 3013414.
2, 23, 109, 601
List the prime factors of 200681.
13, 43, 359
What are the prime factors of 58075?
5, 23, 101
What are the prime factors of 1080204?
2, 3, 90017
List the prime factors of 4456374.
2, 3, 13, 19, 31, 97
What are the prime factors of 1700848?
2, 106303
What are the prime factors of 3255493?
3255493
List the prime factors of 8679345.
3, 5, 227, 2549
List the prime factors of 962475.
3, 5, 41, 313
What are the prime factors of 800288?
2, 89, 281
What are the prime factors of 1758438?
2, 3, 11, 83, 107
List the prime factors of 265514.
2, 132757
What are the prime factors of 1064899?
11, 131, 739
List the prime factors of 2371406.
2, 1185703
List the prime factors of 2894213.
7, 19, 47, 463
What are the prime factors of 5914312?
2, 23, 32143
What are the prime factors of 3802504?
2, 41, 11593
What are the prime factors of 331348?
2, 82837
List the prime factors of 15716516.
2, 3929129
What are the prime factors of 534796?
2, 23, 5813
List the prime factors of 200279.
19, 83, 127
What are the prime factors of 3210067?
7, 499, 919
List the prime factors of 280793.
37, 7589
List the prime factors of 5737512.
2, 3, 11, 103, 211
List the prime factors of 397374.
2, 3, 103, 643
List the prime factors of 262617.
3, 87539
What are the prime factors of 502177?
13, 38629
What are the prime factors of 464905?
5, 7, 37, 359
List the prime factors of 9742367.
277, 35171
List the prime factors of 247860.
2, 3, 5, 17
List the prime factors of 3128178.
2, 3, 521363
List the prime factors of 61661.
197, 313
List the prime factors of 252208.
2, 11, 1433
What are the prime factors of 69595?
5, 31, 449
What are the prime factors of 24135533?
23, 653, 1607
What are the prime factors of 379190?
2, 5, 7, 5417
List the prime factors of 12607757.
73, 172709
What are the prime factors of 4637691?
3, 19, 37, 733
What are the prime factors of 379857?
3, 127, 997
List the prime factors of 5527969.
67, 82507
What are the prime factors of 7141431?
3, 11, 23, 97
What are the prime factors of 2910881?
463, 6287
What are the prime factors of 1199882?
2, 599941
List the prime factors of 136809.
3, 563
What are the prime factors of 160995?
3, 5, 10733
What are the prime factors of 13854?
2, 3, 2309
What are the prime factors of 69626?
2, 31, 1123
List the prime factors of 652491.
3, 7, 10357
List the prime factors of 157913.
7, 17, 1327
List the prime factors of 57881.
57881
What are the prime factors of 373377?
3, 124459
What are the prime factors of 565456?
2, 59, 599
What are the prime factors of 9213142?
2, 4606571
What are the prime factors of 1152237?
3, 384079
List the prime factors of 200100.
2, 3, 5, 23, 29
List the prime factors of 33091764.
2, 3, 37, 74531
What are the prime factors of 519007?
281, 1847
What are the prime factors of 267720?
2, 3, 5, 23, 97
List the prime factors of 495409.
79, 6271
List the prime factors of 67090.
2, 5, 6709
L